5293?
5
What is the millions digit of 156982960?
6
What is the units digit of 18924260?
0
What is the tens digit of 65678236?
3
What is the hundred thousands digit of 314922144?
9
What is the units digit of 6184924859?
9
What is the hundreds digit of 57203082?
0
What is the tens digit of 16631578?
7
What is the tens digit of 79393583?
8
What is the ten thousands digit of 48009289?
0
What is the tens digit of 53349569?
6
What is the hundred millions digit of 1003744476?
0
What is the ten thousands digit of 1250903824?
0
What is the tens digit of 6757331?
3
What is the units digit of 22671574?
4
What is the ten millions digit of 2121642139?
2
What is the ten thousands digit of 21653590?
5
What is the thousands digit of 4921828142?
8
What is the hundreds digit of 53166062?
0
What is the thousands digit of 443700377?
0
What is the hundred thousands digit of 815770166?
7
What is the ten millions digit of 1316364546?
1
What is the ten millions digit of 1522686973?
2
What is the units digit of 16642343?
3
What is the ten thousands digit of 34598287?
9
What is the millions digit of 1118946245?
8
What is the tens digit of 835717341?
4
What is the tens digit of 79947783?
8
What is the units digit of 241419266?
6
What is the units digit of 256994497?
7
What is the hundred thousands digit of 12587922?
5
What is the thousands digit of 958898048?
8
What is the thousands digit of 221109152?
9
What is the hundred thousands digit of 21656064?
6
What is the thousands digit of 3418581794?
1
What is the units digit of 49438210?
0
What is the hundred millions digit of 197106390?
1
What is the thousands digit of 111931322?
1
What is the thousands digit of 137038895?
8
What is the ten millions digit of 39236315?
3
What is the hundreds digit of 21868261?
2
What is the tens digit of 44692099?
9
What is the thousands digit of 1383352397?
2
What is the ten millions digit of 58524203?
5
What is the thousands digit of 1188051?
8
What is the ten millions digit of 875105559?
7
What is the millions digit of 65451646?
5
What is the units digit of 1040206522?
2
What is the ten thousands digit of 62877475?
7
What is the thousands digit of 41060393?
0
What is the ten millions digit of 241301721?
4
What is the tens digit of 168781007?
0
What is the millions digit of 1888142057?
8
What is the units digit of 373522812?
2
What is the units digit of 8006665?
5
What is the hundreds digit of 585469301?
3
What is the units digit of 18257876?
6
What is the ten thousands digit of 380865331?
6
What is the hundred thousands digit of 107471114?
4
What is the hundred thousands digit of 562476509?
4
What is the tens digit of 126297888?
8
What is the hundreds digit of 1836308960?
9
What is the units digit of 81538969?
9
What is the ten millions digit of 666784321?
6
What is the hundred millions digit of 2006447712?
0
What is the ten thousands digit of 44664199?
6
What is the hundred millions digit of 4677020923?
6
What is the tens digit of 49921574?
7
What is the hundred thousands digit of 63255812?
2
What is the tens digit of 3712723738?
3
What is the hundred thousands digit of 80076551?
0
What is the millions digit of 570392899?
0
What is the units digit of 69570939?
9
What is the units digit of 338399475?
5
What is the ten thousands digit of 4700175075?
7
What is the ten thousands digit of 166924549?
2
What is the hundreds digit of 110281074?
0
What is the ten thousands digit of 3253668088?
6
What is the ten millions digit of 198996470?
9
What is the ten thousands digit of 42985450?
8
What is the hundred millions digit of 1557602843?
5
What is the units digit of 403766220?
0
What is the hundreds digit of 1019295500?
5
What is the units digit of 63799456?
6
What is the hundreds digit of 43472989?
9
What is the hundred millions digit of 858068492?
8
What is the hundred millions digit of 2624075585?
6
What is the units digit of 249072441?
1
What is the tens digit of 632490955?
5
What is the hundreds digit of 153290385?
3
What is the hundreds digit of 86688678?
6
What is the hundred thousands digit of 607061446?
0
What is the ten thousands digit of 264685715?
8
What is the units digit of 1975409763?
3
What is the millions digit of 189347334?
9
What is the hundreds digit of 1420552178?
1
What is the ten thousands digit of 137148349?
4
What is the hundred millions digit of 4092573701?
0
What is the ten millions digit of 1093080407?
9
What is the millions digit of 1354636?
1
What is the units digit of 29462992?
2
What is the units digit of 486321317?
7
What is the hundreds digit of 30863401?
4
What is the ten thousands digit of 29836968?
3
What is the hundreds digit of 34379797?
7
What is the ten thousands digit of 16025609?
2
What is the millions digit of 5860550129?
0
What is the thousands digit of 951216565?
6
What is the ten millions digit of 1880213179?
8
What is the tens digit of 281179784?
8
What is the ten thousands digit of 19910772?
1
What is the hundred millions digit of 521476813?
5
What is the hundred millions digit of 379760464?
3
What is the ten thousands digit of 255672196?
7
What is the tens digit of 2733473343?
4
What is the tens digit of 2070423154?
5
What is the hundreds digit of 571537192?
1
What is the millions digit of 107982018?
7
What is the ten thousands digit of 208868012?
6
What is the hundreds digit of 43064638?
6
What is the tens digit of 74068114?
1
What is the tens digit of 8010988375?
7
What is the units digit of 142006216?
6
What is the units digit of 189892360?
0
What is the ten thousands digit of 47169952?
6
What is the hundred thousands digit of 241849317?
8
What is the millions digit of 21914561?
1
What is the ten millions digit of 16494665?
1
What is the ten thousands digit of 3745374045?
7
What is the millions digit of 3210872173?
0
What is the hundred millions digit of 1752984505?
7
What is the hundreds digit of 1359582?
5
What is the billions digit of 1445711115?
1
What is the thousands digit of 79211920?
1
What is the units digit of 26251983?
3
What is the hundred thousands digit of 90249902?
2
What is the millions digit of 67211689?
7
What is the hundreds digit of 1553245005?
0
What is the hundreds digit of 2139113550?
5
What is the hundred millions digit of 141468090?
1
What is the units digit of 328562945?
5
What is the hundreds digit of 4341575?
5
What is the hundreds digit of 2298542439?
4
What is the tens digit of 1218892925?
2
What is the hundreds digit of 5147250136?
1
What is the millions digit of 2063934869?
3
What is the ten millions digit of 1718477595?
1
What is the ten millions digit of 187634766?
8
What is the millions digit of 570899795?
0
What is the ten thousands digit of 1264915764?
1
What is the ten thousands digit of 3345363266?
6
What is the units digit of 953642624?
4
What is the millions digit of 558852321?
8
What is the millions digit of 103754142?
3
What is the ten thousands digit of 94713140?
1
What is the ten millions digit of 3827264900?
2
What is the units digit of 12153903?
3
What is the hundred thousands digit of 330459691?
4
What is the units digit of 14689223?
3
What is the ten thousands digit of 248582692?
8
What is the units digit of 43666817?
7
What is the hundred millions digit of 3742077286?
7
What is the ten thousands digit of 853276098?
7
What is the units digit of 71004945?
5
What is the ten thousands digit of 4968431225?
3
What is the hundred thousands digit of 2723624869?
6
What is the ten millions digit of 89458424?
8
What is the hundreds digit of 455066895?
8
What is the ten thousands digit of 12330980?
3
What is the tens digit of 250865472?
7
What is the millions digit of 837564670?
7
What is the tens digit of 90507960?
6
What is the hundreds digit of 707818479?
4
What is the thousands digit of 62206111?
6
What is the millions digit of 572773502?
2
What is the ten millions digit of 18852389?
1
What is the millions digit of 93453999?
3
What is the ten thousands digit of 47298858?
9
What is the hundred thousands digit of 155804456?
8
What is the millions digit of 1505276175?
5
What is the units digit of 61949887?
7
What is the millions digit of 1184246432?
4
What is the units digit of 60999758?
8
What is the thousands digit of 63627626?
7
What is the ten thousands digit of 381468196?
6
What is the hundred t